{"id":7,"date":"2021-06-08T11:04:49","date_gmt":"2021-06-08T09:04:49","guid":{"rendered":"https:\/\/rhodium-conseil.fr\/?page_id=7"},"modified":"2026-02-23T14:38:16","modified_gmt":"2026-02-23T13:38:16","slug":"a-propos-de","status":"publish","type":"page","link":"https:\/\/rhodium-conseil.fr\/index.php\/a-propos-de\/","title":{"rendered":"A propos"},"content":{"rendered":"\t\t<div data-elementor-type=\"wp-page\" data-elementor-id=\"7\" class=\"elementor elementor-7\">\n\t\t\t\t\t\t<section class=\"elementor-section elementor-top-section elementor-element elementor-element-c495b03 elementor-section-boxed elementor-section-height-default elementor-section-height-default\" data-id=\"c495b03\" data-element_type=\"section\" data-e-type=\"section\">\n\t\t\t\t\t\t<div class=\"elementor-container elementor-column-gap-default\">\n\t\t\t\t\t<div class=\"elementor-column elementor-col-50 elementor-top-column elementor-element elementor-element-759f6ce\" data-id=\"759f6ce\" data-element_type=\"column\" data-e-type=\"column\">\n\t\t\t<div class=\"elementor-widget-wrap elementor-element-populated\">\n\t\t\t\t\t\t<div class=\"elementor-element elementor-element-1cdd9e2 elementor-invisible elementor-widget elementor-widget-image\" data-id=\"1cdd9e2\" data-element_type=\"widget\" data-e-type=\"widget\" data-settings=\"{&quot;_animation&quot;:&quot;fadeInLeft&quot;}\" data-widget_type=\"image.default\">\n\t\t\t\t<div class=\"elementor-widget-container\">\n\t\t\t\t\t\t\t\t\t\t\t\t\t\t\t<img fetchpriority=\"high\" decoding=\"async\" width=\"300\" height=\"300\" src=\"https:\/\/rhodium-conseil.fr\/wp-content\/uploads\/2023\/12\/1699646067601-300x300.jpg\" class=\"attachment-medium size-medium wp-image-1803\" alt=\"\" srcset=\"https:\/\/rhodium-conseil.fr\/wp-content\/uploads\/2023\/12\/1699646067601-300x300.jpg 300w, https:\/\/rhodium-conseil.fr\/wp-content\/uploads\/2023\/12\/1699646067601-150x150.jpg 150w, https:\/\/rhodium-conseil.fr\/wp-content\/uploads\/2023\/12\/1699646067601-768x768.jpg 768w, https:\/\/rhodium-conseil.fr\/wp-content\/uploads\/2023\/12\/1699646067601.jpg 800w\" sizes=\"(max-width: 300px) 100vw, 300px\" \/>\t\t\t\t\t\t\t\t\t\t\t\t\t\t\t<\/div>\n\t\t\t\t<\/div>\n\t\t\t\t\t<\/div>\n\t\t<\/div>\n\t\t\t\t<div class=\"elementor-column elementor-col-50 elementor-top-column elementor-element elementor-element-158e9c3\" data-id=\"158e9c3\" data-element_type=\"column\" data-e-type=\"column\">\n\t\t\t<div class=\"elementor-widget-wrap elementor-element-populated\">\n\t\t\t\t\t\t<div class=\"elementor-element elementor-element-739df15 elementor-widget__width-initial elementor-invisible elementor-widget elementor-widget-text-editor\" data-id=\"739df15\" data-element_type=\"widget\" data-e-type=\"widget\" data-settings=\"{&quot;_animation&quot;:&quot;fadeInRight&quot;}\" data-widget_type=\"text-editor.default\">\n\t\t\t\t<div class=\"elementor-widget-container\">\n\t\t\t\t\t\t\t\t\t<h4 data-start=\"232\" data-end=\"260\">&#8230; De Rhodium Conseil ?<\/h4><h5 data-start=\"262\" data-end=\"294\">Une posture avant une m\u00e9thode<\/h5><p data-start=\"296\" data-end=\"481\">Rhodium Conseil est n\u00e9 d\u2019un constat simple :<\/p><p data-start=\"296\" data-end=\"481\">Les organisations ne manquent pas d\u2019outils. Elles manquent souvent d\u2019espaces <strong>s\u00e9curis\u00e9s<\/strong> pour <strong>clarifier<\/strong>, <strong>r\u00e9guler<\/strong> et <strong>d\u00e9cider<\/strong> avec <strong>justesse<\/strong>.<\/p><p data-start=\"483\" data-end=\"524\">Ma mission consiste \u00e0 cr\u00e9er ces <strong>espaces<\/strong>.<\/p>\t\t\t\t\t\t\t\t<\/div>\n\t\t\t\t<\/div>\n\t\t\t\t\t<\/div>\n\t\t<\/div>\n\t\t\t\t\t<\/div>\n\t\t<\/section>\n\t\t<div class=\"elementor-element elementor-element-2a32fa8 e-flex e-con-boxed e-con e-parent\" data-id=\"2a32fa8\" data-element_type=\"container\" data-e-type=\"container\">\n\t\t\t\t\t<div class=\"e-con-inner\">\n\t\t<div class=\"elementor-element elementor-element-678f82d e-con-full e-flex e-con e-child\" data-id=\"678f82d\" data-element_type=\"container\" data-e-type=\"container\">\n\t\t\t\t<div class=\"elementor-element elementor-element-a8407ee elementor-widget elementor-widget-text-editor\" data-id=\"a8407ee\" data-element_type=\"widget\" data-e-type=\"widget\" data-widget_type=\"text-editor.default\">\n\t\t\t\t<div class=\"elementor-widget-container\">\n\t\t\t\t\t\t\t\t\t<h4 style=\"font-family: Poppins, sans-serif; color: #525559; text-align: center;\">&#8230; de mes convictions<\/h4><h5 data-start=\"531\" data-end=\"568\">Une exp\u00e9rience ancr\u00e9e dans le r\u00e9el<\/h5><p data-start=\"570\" data-end=\"624\">Mon parcours s\u2019est construit au c\u0153ur du travail r\u00e9el :<\/p><ul><li style=\"list-style-type: none;\"><ul><li style=\"list-style-type: none;\"><ul data-start=\"626\" data-end=\"851\"><li data-start=\"626\" data-end=\"663\"><p style=\"text-align: left;\" data-start=\"628\" data-end=\"663\">management en grande distribution<\/p><\/li><li style=\"text-align: left;\" data-start=\"664\" data-end=\"718\"><p data-start=\"666\" data-end=\"718\">accompagnement de dirigeants et de responsables RH<\/p><\/li><li style=\"text-align: left;\" data-start=\"719\" data-end=\"769\"><p data-start=\"721\" data-end=\"769\">responsabilit\u00e9 RH au sein d\u2019un groupe national<\/p><\/li><li data-start=\"770\" data-end=\"851\"><p style=\"text-align: left;\" data-start=\"772\" data-end=\"851\">accompagnement d\u2019\u00e9quipes et de managers depuis la cr\u00e9ation de Rhodium Conseil<\/p><\/li><\/ul><\/li><\/ul><\/li><\/ul><p data-start=\"853\" data-end=\"974\">Cette trajectoire me permet de comprendre rapidement ce qui se joue dans une organisation, au-del\u00e0 de ce qui est formul\u00e9.<\/p><p data-start=\"976\" data-end=\"1093\">Je connais la pression du r\u00e9sultat, les tensions hi\u00e9rarchiques, l\u2019isolement manag\u00e9rial et les contraintes du terrain.<\/p>\t\t\t\t\t\t\t\t<\/div>\n\t\t\t\t<\/div>\n\t\t\t\t<\/div>\n\t\t<div class=\"elementor-element elementor-element-be381cf e-con-full e-flex e-con e-child\" data-id=\"be381cf\" data-element_type=\"container\" data-e-type=\"container\">\n\t\t\t\t<div class=\"elementor-element elementor-element-aeee544 elementor-hidden-mobile elementor-widget elementor-widget-image\" data-id=\"aeee544\" data-element_type=\"widget\" data-e-type=\"widget\" data-widget_type=\"image.default\">\n\t\t\t\t<div class=\"elementor-widget-container\">\n\t\t\t\t\t\t\t\t\t\t\t\t\t\t\t<img decoding=\"async\" width=\"647\" height=\"340\" src=\"https:\/\/rhodium-conseil.fr\/wp-content\/uploads\/2022\/11\/never-stop-learning-3258944__340.jpg\" class=\"attachment-large size-large wp-image-748\" alt=\"\" srcset=\"https:\/\/rhodium-conseil.fr\/wp-content\/uploads\/2022\/11\/never-stop-learning-3258944__340.jpg 647w, https:\/\/rhodium-conseil.fr\/wp-content\/uploads\/2022\/11\/never-stop-learning-3258944__340-300x158.jpg 300w\" sizes=\"(max-width: 647px) 100vw, 647px\" \/>\t\t\t\t\t\t\t\t\t\t\t\t\t\t\t<\/div>\n\t\t\t\t<\/div>\n\t\t\t\t<\/div>\n\t\t\t\t\t<\/div>\n\t\t\t\t<\/div>\n\t\t\t\t<section class=\"elementor-section elementor-top-section elementor-element elementor-element-bdb906d elementor-section-boxed elementor-section-height-default elementor-section-height-default\" data-id=\"bdb906d\" data-element_type=\"section\" data-e-type=\"section\">\n\t\t\t\t\t\t<div class=\"elementor-container elementor-column-gap-default\">\n\t\t\t\t\t<div class=\"elementor-column elementor-col-50 elementor-top-column elementor-element elementor-element-0ccff47\" data-id=\"0ccff47\" data-element_type=\"column\" data-e-type=\"column\">\n\t\t\t<div class=\"elementor-widget-wrap elementor-element-populated\">\n\t\t\t\t\t\t<div class=\"elementor-element elementor-element-5a619f2 elementor-hidden-mobile elementor-widget elementor-widget-image\" data-id=\"5a619f2\" data-element_type=\"widget\" data-e-type=\"widget\" data-widget_type=\"image.default\">\n\t\t\t\t<div class=\"elementor-widget-container\">\n\t\t\t\t\t\t\t\t\t\t\t\t\t\t\t<img decoding=\"async\" width=\"510\" height=\"340\" src=\"https:\/\/rhodium-conseil.fr\/wp-content\/uploads\/2024\/06\/board-3695073__340.jpg\" class=\"attachment-large size-large wp-image-1960\" alt=\"\" srcset=\"https:\/\/rhodium-conseil.fr\/wp-content\/uploads\/2024\/06\/board-3695073__340.jpg 510w, https:\/\/rhodium-conseil.fr\/wp-content\/uploads\/2024\/06\/board-3695073__340-300x200.jpg 300w\" sizes=\"(max-width: 510px) 100vw, 510px\" \/>\t\t\t\t\t\t\t\t\t\t\t\t\t\t\t<\/div>\n\t\t\t\t<\/div>\n\t\t\t\t\t<\/div>\n\t\t<\/div>\n\t\t\t\t<div class=\"elementor-column elementor-col-50 elementor-top-column elementor-element elementor-element-a04d400\" data-id=\"a04d400\" data-element_type=\"column\" data-e-type=\"column\">\n\t\t\t<div class=\"elementor-widget-wrap elementor-element-populated\">\n\t\t\t\t\t\t<div class=\"elementor-element elementor-element-b5bce3a elementor-widget elementor-widget-text-editor\" data-id=\"b5bce3a\" data-element_type=\"widget\" data-e-type=\"widget\" data-widget_type=\"text-editor.default\">\n\t\t\t\t<div class=\"elementor-widget-container\">\n\t\t\t\t\t\t\t\t\t<h4 style=\"text-align: center;\" data-start=\"1100\" data-end=\"1121\">&#8230; D&rsquo;une posture claire<\/h4><p data-start=\"1123\" data-end=\"1217\">Je n\u2019interviens ni comme experte prescriptive, ni comme d\u00e9tentrice de solutions toutes faites.<\/p><p data-start=\"1219\" data-end=\"1237\">Je cr\u00e9e un cadre :<\/p><ul><li style=\"list-style-type: none;\"><ul><li style=\"list-style-type: none;\"><ul><li style=\"list-style-type: none;\"><ul data-start=\"1239\" data-end=\"1305\"><li data-start=\"1239\" data-end=\"1254\"><p data-start=\"1241\" data-end=\"1254\">s\u00e9curisant,<\/p><\/li><li data-start=\"1255\" data-end=\"1271\"><p data-start=\"1257\" data-end=\"1271\">structurant,<\/p><\/li><li data-start=\"1272\" data-end=\"1285\"><p data-start=\"1274\" data-end=\"1285\">exigeant,<\/p><\/li><li data-start=\"1286\" data-end=\"1305\"><p data-start=\"1288\" data-end=\"1305\">responsabilisant.<\/p><\/li><\/ul><\/li><\/ul><\/li><\/ul><\/li><\/ul><p data-start=\"1307\" data-end=\"1406\">Les transformations durables \u00e9mergent lorsque les personnes comprennent, choisissent et s\u2019engagent.<\/p>\t\t\t\t\t\t\t\t<\/div>\n\t\t\t\t<\/div>\n\t\t\t\t\t<\/div>\n\t\t<\/div>\n\t\t\t\t\t<\/div>\n\t\t<\/section>\n\t\t<div class=\"elementor-element elementor-element-c3afeda e-flex e-con-boxed e-con e-parent\" data-id=\"c3afeda\" data-element_type=\"container\" data-e-type=\"container\">\n\t\t\t\t\t<div class=\"e-con-inner\">\n\t\t\t\t\t<\/div>\n\t\t\t\t<\/div>\n\t\t<div class=\"elementor-element elementor-element-494f4cc e-flex e-con-boxed e-con e-parent\" data-id=\"494f4cc\" data-element_type=\"container\" data-e-type=\"container\">\n\t\t\t\t\t<div class=\"e-con-inner\">\n\t\t\t\t<div class=\"elementor-element elementor-element-ac22a1a elementor-invisible elementor-widget elementor-widget-button\" data-id=\"ac22a1a\" data-element_type=\"widget\" data-e-type=\"widget\" data-settings=\"{&quot;_animation&quot;:&quot;rubberBand&quot;}\" data-widget_type=\"button.default\">\n\t\t\t\t<div class=\"elementor-widget-container\">\n\t\t\t\t\t\t\t\t\t<div class=\"elementor-button-wrapper\">\n\t\t\t\t\t<a class=\"elementor-button elementor-button-link elementor-size-sm\" href=\"https:\/\/calendar.app.google\/Fj1oCPMuKygdoDJS6\">\n\t\t\t\t\t\t<span class=\"elementor-button-content-wrapper\">\n\t\t\t\t\t\t\t\t\t<span class=\"elementor-button-text\">Demandez un \u00e9change exploratoire<\/span>\n\t\t\t\t\t<\/span>\n\t\t\t\t\t<\/a>\n\t\t\t\t<\/div>\n\t\t\t\t\t\t\t\t<\/div>\n\t\t\t\t<\/div>\n\t\t\t\t\t<\/div>\n\t\t\t\t<\/div>\n\t\t\t\t<\/div>\n\t\t","protected":false},"excerpt":{"rendered":"<p>&#8230; De Rhodium Conseil ? Une posture avant une m\u00e9thode Rhodium Conseil est n\u00e9 d\u2019un constat simple : Les organisations ne manquent pas d\u2019outils. Elles manquent souvent d\u2019espaces s\u00e9curis\u00e9s pour clarifier, r\u00e9guler et d\u00e9cider avec justesse. Ma mission consiste \u00e0 cr\u00e9er ces espaces. &#8230; de mes convictions Une exp\u00e9rience ancr\u00e9e dans le r\u00e9el Mon parcours&hellip;&nbsp;<a href=\"https:\/\/rhodium-conseil.fr\/index.php\/a-propos-de\/\" rel=\"bookmark\">Lire la suite &raquo;<span class=\"screen-reader-text\">A propos<\/span><\/a><\/p>\n","protected":false},"author":1,"featured_media":63,"parent":0,"menu_order":2,"comment_status":"closed","ping_status":"closed","template":"","meta":{"neve_meta_sidebar":"","neve_meta_container":"","neve_meta_enable_content_width":"","neve_meta_content_width":0,"neve_meta_title_alignment":"","neve_meta_author_avatar":"","neve_post_elements_order":"","neve_meta_disable_header":"","neve_meta_disable_footer":"","neve_meta_disable_title":"","footnotes":""},"class_list":["post-7","page","type-page","status-publish","has-post-thumbnail","hentry"],"yoast_head":"<!-- This site is optimized with the Yoast SEO plugin v27.4 - https:\/\/yoast.com\/product\/yoast-seo-wordpress\/ -->\n<title>A propos - RHODIUM Conseil<\/title>\n<meta name=\"robots\" content=\"index, follow, max-snippet:-1, max-image-preview:large, max-video-preview:-1\" \/>\n<link rel=\"canonical\" href=\"https:\/\/rhodium-conseil.fr\/index.php\/a-propos-de\/\" \/>\n<meta property=\"og:locale\" content=\"fr_FR\" \/>\n<meta property=\"og:type\" content=\"article\" \/>\n<meta property=\"og:title\" content=\"A propos - RHODIUM Conseil\" \/>\n<meta property=\"og:description\" content=\"&#8230; De Rhodium Conseil ? Une posture avant une m\u00e9thode Rhodium Conseil est n\u00e9 d\u2019un constat simple : Les organisations ne manquent pas d\u2019outils. Elles manquent souvent d\u2019espaces s\u00e9curis\u00e9s pour clarifier, r\u00e9guler et d\u00e9cider avec justesse. Ma mission consiste \u00e0 cr\u00e9er ces espaces. &#8230; de mes convictions Une exp\u00e9rience ancr\u00e9e dans le r\u00e9el Mon parcours&hellip;&nbsp;Lire la suite &raquo;A propos\" \/>\n<meta property=\"og:url\" content=\"https:\/\/rhodium-conseil.fr\/index.php\/a-propos-de\/\" \/>\n<meta property=\"og:site_name\" content=\"RHODIUM Conseil\" \/>\n<meta property=\"article:publisher\" content=\"https:\/\/www.facebook.com\/profile.php?id=61559176793485&amp;locale=fr_FR\" \/>\n<meta property=\"article:modified_time\" content=\"2026-02-23T13:38:16+00:00\" \/>\n<meta property=\"og:image\" content=\"https:\/\/rhodium-conseil.fr\/wp-content\/uploads\/2021\/06\/when-who.jpg\" \/>\n\t<meta property=\"og:image:width\" content=\"961\" \/>\n\t<meta property=\"og:image:height\" content=\"340\" \/>\n\t<meta property=\"og:image:type\" content=\"image\/jpeg\" \/>\n<meta name=\"twitter:card\" content=\"summary_large_image\" \/>\n<meta name=\"twitter:label1\" content=\"Dur\u00e9e de lecture estim\u00e9e\" \/>\n\t<meta name=\"twitter:data1\" content=\"2 minutes\" \/>\n<script type=\"application\/ld+json\" class=\"yoast-schema-graph\">{\"@context\":\"https:\\\/\\\/schema.org\",\"@graph\":[{\"@type\":\"WebPage\",\"@id\":\"https:\\\/\\\/rhodium-conseil.fr\\\/index.php\\\/a-propos-de\\\/\",\"url\":\"https:\\\/\\\/rhodium-conseil.fr\\\/index.php\\\/a-propos-de\\\/\",\"name\":\"A propos - RHODIUM Conseil\",\"isPartOf\":{\"@id\":\"https:\\\/\\\/rhodium-conseil.fr\\\/#website\"},\"primaryImageOfPage\":{\"@id\":\"https:\\\/\\\/rhodium-conseil.fr\\\/index.php\\\/a-propos-de\\\/#primaryimage\"},\"image\":{\"@id\":\"https:\\\/\\\/rhodium-conseil.fr\\\/index.php\\\/a-propos-de\\\/#primaryimage\"},\"thumbnailUrl\":\"https:\\\/\\\/rhodium-conseil.fr\\\/wp-content\\\/uploads\\\/2021\\\/06\\\/when-who.jpg\",\"datePublished\":\"2021-06-08T09:04:49+00:00\",\"dateModified\":\"2026-02-23T13:38:16+00:00\",\"breadcrumb\":{\"@id\":\"https:\\\/\\\/rhodium-conseil.fr\\\/index.php\\\/a-propos-de\\\/#breadcrumb\"},\"inLanguage\":\"fr-FR\",\"potentialAction\":[{\"@type\":\"ReadAction\",\"target\":[\"https:\\\/\\\/rhodium-conseil.fr\\\/index.php\\\/a-propos-de\\\/\"]}]},{\"@type\":\"ImageObject\",\"inLanguage\":\"fr-FR\",\"@id\":\"https:\\\/\\\/rhodium-conseil.fr\\\/index.php\\\/a-propos-de\\\/#primaryimage\",\"url\":\"https:\\\/\\\/rhodium-conseil.fr\\\/wp-content\\\/uploads\\\/2021\\\/06\\\/when-who.jpg\",\"contentUrl\":\"https:\\\/\\\/rhodium-conseil.fr\\\/wp-content\\\/uploads\\\/2021\\\/06\\\/when-who.jpg\",\"width\":961,\"height\":340},{\"@type\":\"BreadcrumbList\",\"@id\":\"https:\\\/\\\/rhodium-conseil.fr\\\/index.php\\\/a-propos-de\\\/#breadcrumb\",\"itemListElement\":[{\"@type\":\"ListItem\",\"position\":1,\"name\":\"Accueil\",\"item\":\"https:\\\/\\\/rhodium-conseil.fr\\\/\"},{\"@type\":\"ListItem\",\"position\":2,\"name\":\"A propos\"}]},{\"@type\":\"WebSite\",\"@id\":\"https:\\\/\\\/rhodium-conseil.fr\\\/#website\",\"url\":\"https:\\\/\\\/rhodium-conseil.fr\\\/\",\"name\":\"RHODIUM Conseil\",\"description\":\"Accompagnez et transformez vos ressources !\",\"publisher\":{\"@id\":\"https:\\\/\\\/rhodium-conseil.fr\\\/#organization\"},\"potentialAction\":[{\"@type\":\"SearchAction\",\"target\":{\"@type\":\"EntryPoint\",\"urlTemplate\":\"https:\\\/\\\/rhodium-conseil.fr\\\/?s={search_term_string}\"},\"query-input\":{\"@type\":\"PropertyValueSpecification\",\"valueRequired\":true,\"valueName\":\"search_term_string\"}}],\"inLanguage\":\"fr-FR\"},{\"@type\":\"Organization\",\"@id\":\"https:\\\/\\\/rhodium-conseil.fr\\\/#organization\",\"name\":\"RHODIUM Conseil\",\"url\":\"https:\\\/\\\/rhodium-conseil.fr\\\/\",\"logo\":{\"@type\":\"ImageObject\",\"inLanguage\":\"fr-FR\",\"@id\":\"https:\\\/\\\/rhodium-conseil.fr\\\/#\\\/schema\\\/logo\\\/image\\\/\",\"url\":\"https:\\\/\\\/rhodium-conseil.fr\\\/wp-content\\\/uploads\\\/2024\\\/06\\\/cropped-logo_rhodium_conseil.jpg\",\"contentUrl\":\"https:\\\/\\\/rhodium-conseil.fr\\\/wp-content\\\/uploads\\\/2024\\\/06\\\/cropped-logo_rhodium_conseil.jpg\",\"width\":512,\"height\":512,\"caption\":\"RHODIUM Conseil\"},\"image\":{\"@id\":\"https:\\\/\\\/rhodium-conseil.fr\\\/#\\\/schema\\\/logo\\\/image\\\/\"},\"sameAs\":[\"https:\\\/\\\/www.facebook.com\\\/profile.php?id=61559176793485&locale=fr_FR\",\"https:\\\/\\\/www.linkedin.com\\\/company\\\/rhodium-conseil\\\/\"]}]}<\/script>\n<!-- \/ Yoast SEO plugin. -->","yoast_head_json":{"title":"A propos - RHODIUM Conseil","robots":{"index":"index","follow":"follow","max-snippet":"max-snippet:-1","max-image-preview":"max-image-preview:large","max-video-preview":"max-video-preview:-1"},"canonical":"https:\/\/rhodium-conseil.fr\/index.php\/a-propos-de\/","og_locale":"fr_FR","og_type":"article","og_title":"A propos - RHODIUM Conseil","og_description":"&#8230; De Rhodium Conseil ? Une posture avant une m\u00e9thode Rhodium Conseil est n\u00e9 d\u2019un constat simple : Les organisations ne manquent pas d\u2019outils. Elles manquent souvent d\u2019espaces s\u00e9curis\u00e9s pour clarifier, r\u00e9guler et d\u00e9cider avec justesse. Ma mission consiste \u00e0 cr\u00e9er ces espaces. &#8230; de mes convictions Une exp\u00e9rience ancr\u00e9e dans le r\u00e9el Mon parcours&hellip;&nbsp;Lire la suite &raquo;A propos","og_url":"https:\/\/rhodium-conseil.fr\/index.php\/a-propos-de\/","og_site_name":"RHODIUM Conseil","article_publisher":"https:\/\/www.facebook.com\/profile.php?id=61559176793485&locale=fr_FR","article_modified_time":"2026-02-23T13:38:16+00:00","og_image":[{"width":961,"height":340,"url":"https:\/\/rhodium-conseil.fr\/wp-content\/uploads\/2021\/06\/when-who.jpg","type":"image\/jpeg"}],"twitter_card":"summary_large_image","twitter_misc":{"Dur\u00e9e de lecture estim\u00e9e":"2 minutes"},"schema":{"@context":"https:\/\/schema.org","@graph":[{"@type":"WebPage","@id":"https:\/\/rhodium-conseil.fr\/index.php\/a-propos-de\/","url":"https:\/\/rhodium-conseil.fr\/index.php\/a-propos-de\/","name":"A propos - RHODIUM Conseil","isPartOf":{"@id":"https:\/\/rhodium-conseil.fr\/#website"},"primaryImageOfPage":{"@id":"https:\/\/rhodium-conseil.fr\/index.php\/a-propos-de\/#primaryimage"},"image":{"@id":"https:\/\/rhodium-conseil.fr\/index.php\/a-propos-de\/#primaryimage"},"thumbnailUrl":"https:\/\/rhodium-conseil.fr\/wp-content\/uploads\/2021\/06\/when-who.jpg","datePublished":"2021-06-08T09:04:49+00:00","dateModified":"2026-02-23T13:38:16+00:00","breadcrumb":{"@id":"https:\/\/rhodium-conseil.fr\/index.php\/a-propos-de\/#breadcrumb"},"inLanguage":"fr-FR","potentialAction":[{"@type":"ReadAction","target":["https:\/\/rhodium-conseil.fr\/index.php\/a-propos-de\/"]}]},{"@type":"ImageObject","inLanguage":"fr-FR","@id":"https:\/\/rhodium-conseil.fr\/index.php\/a-propos-de\/#primaryimage","url":"https:\/\/rhodium-conseil.fr\/wp-content\/uploads\/2021\/06\/when-who.jpg","contentUrl":"https:\/\/rhodium-conseil.fr\/wp-content\/uploads\/2021\/06\/when-who.jpg","width":961,"height":340},{"@type":"BreadcrumbList","@id":"https:\/\/rhodium-conseil.fr\/index.php\/a-propos-de\/#breadcrumb","itemListElement":[{"@type":"ListItem","position":1,"name":"Accueil","item":"https:\/\/rhodium-conseil.fr\/"},{"@type":"ListItem","position":2,"name":"A propos"}]},{"@type":"WebSite","@id":"https:\/\/rhodium-conseil.fr\/#website","url":"https:\/\/rhodium-conseil.fr\/","name":"RHODIUM Conseil","description":"Accompagnez et transformez vos ressources !","publisher":{"@id":"https:\/\/rhodium-conseil.fr\/#organization"},"potentialAction":[{"@type":"SearchAction","target":{"@type":"EntryPoint","urlTemplate":"https:\/\/rhodium-conseil.fr\/?s={search_term_string}"},"query-input":{"@type":"PropertyValueSpecification","valueRequired":true,"valueName":"search_term_string"}}],"inLanguage":"fr-FR"},{"@type":"Organization","@id":"https:\/\/rhodium-conseil.fr\/#organization","name":"RHODIUM Conseil","url":"https:\/\/rhodium-conseil.fr\/","logo":{"@type":"ImageObject","inLanguage":"fr-FR","@id":"https:\/\/rhodium-conseil.fr\/#\/schema\/logo\/image\/","url":"https:\/\/rhodium-conseil.fr\/wp-content\/uploads\/2024\/06\/cropped-logo_rhodium_conseil.jpg","contentUrl":"https:\/\/rhodium-conseil.fr\/wp-content\/uploads\/2024\/06\/cropped-logo_rhodium_conseil.jpg","width":512,"height":512,"caption":"RHODIUM Conseil"},"image":{"@id":"https:\/\/rhodium-conseil.fr\/#\/schema\/logo\/image\/"},"sameAs":["https:\/\/www.facebook.com\/profile.php?id=61559176793485&locale=fr_FR","https:\/\/www.linkedin.com\/company\/rhodium-conseil\/"]}]}},"_links":{"self":[{"href":"https:\/\/rhodium-conseil.fr\/index.php\/wp-json\/wp\/v2\/pages\/7","targetHints":{"allow":["GET"]}}],"collection":[{"href":"https:\/\/rhodium-conseil.fr\/index.php\/wp-json\/wp\/v2\/pages"}],"about":[{"href":"https:\/\/rhodium-conseil.fr\/index.php\/wp-json\/wp\/v2\/types\/page"}],"author":[{"embeddable":true,"href":"https:\/\/rhodium-conseil.fr\/index.php\/wp-json\/wp\/v2\/users\/1"}],"replies":[{"embeddable":true,"href":"https:\/\/rhodium-conseil.fr\/index.php\/wp-json\/wp\/v2\/comments?post=7"}],"version-history":[{"count":119,"href":"https:\/\/rhodium-conseil.fr\/index.php\/wp-json\/wp\/v2\/pages\/7\/revisions"}],"predecessor-version":[{"id":2761,"href":"https:\/\/rhodium-conseil.fr\/index.php\/wp-json\/wp\/v2\/pages\/7\/revisions\/2761"}],"wp:featuredmedia":[{"embeddable":true,"href":"https:\/\/rhodium-conseil.fr\/index.php\/wp-json\/wp\/v2\/media\/63"}],"wp:attachment":[{"href":"https:\/\/rhodium-conseil.fr\/index.php\/wp-json\/wp\/v2\/media?parent=7"}],"curies":[{"name":"wp","href":"https:\/\/api.w.org\/{rel}","templated":true}]}}