{"id":599,"date":"2022-11-22T15:33:55","date_gmt":"2022-11-22T14:33:55","guid":{"rendered":"https:\/\/rhodium-conseil.fr\/index.php\/workshop-2\/"},"modified":"2026-02-20T14:03:35","modified_gmt":"2026-02-20T13:03:35","slug":"workshop-2","status":"publish","type":"page","link":"https:\/\/rhodium-conseil.fr\/index.php\/solutions\/workshop-2\/","title":{"rendered":"Workshop 2"},"content":{"rendered":"\t\t<div data-elementor-type=\"wp-page\" data-elementor-id=\"599\" class=\"elementor elementor-599\">\n\t\t\t\t\t\t<section class=\"elementor-section elementor-top-section elementor-element elementor-element-a115a3b elementor-section-boxed elementor-section-height-default elementor-section-height-default\" data-id=\"a115a3b\" data-element_type=\"section\" data-e-type=\"section\">\n\t\t\t\t\t\t<div class=\"elementor-container elementor-column-gap-default\">\n\t\t\t\t\t<div class=\"elementor-column elementor-col-100 elementor-top-column elementor-element elementor-element-1d9756f\" data-id=\"1d9756f\" data-element_type=\"column\" data-e-type=\"column\">\n\t\t\t<div class=\"elementor-widget-wrap elementor-element-populated\">\n\t\t\t\t\t\t<div class=\"elementor-element elementor-element-1b62497 elementor-widget elementor-widget-heading\" data-id=\"1b62497\" data-element_type=\"widget\" data-e-type=\"widget\" data-widget_type=\"heading.default\">\n\t\t\t\t<div class=\"elementor-widget-container\">\n\t\t\t\t\t<h2 class=\"elementor-heading-title elementor-size-xxl\">ROC Collectif<\/h2>\t\t\t\t<\/div>\n\t\t\t\t<\/div>\n\t\t\t\t\t<\/div>\n\t\t<\/div>\n\t\t\t\t\t<\/div>\n\t\t<\/section>\n\t\t<div class=\"elementor-element elementor-element-e0079f2 e-flex e-con-boxed e-con e-parent\" data-id=\"e0079f2\" data-element_type=\"container\" data-e-type=\"container\">\n\t\t\t\t\t<div class=\"e-con-inner\">\n\t\t\t\t<div class=\"elementor-element elementor-element-4907393 elementor-widget elementor-widget-text-editor\" data-id=\"4907393\" data-element_type=\"widget\" data-e-type=\"widget\" data-widget_type=\"text-editor.default\">\n\t\t\t\t<div class=\"elementor-widget-container\">\n\t\t\t\t\t\t\t\t\t<h2 style=\"text-align: center;\" data-start=\"118\" data-end=\"167\">Ateliers manag\u00e9riaux &amp; accompagnement d\u2019\u00e9quipe<\/h2><p style=\"text-align: center;\" data-start=\"169\" data-end=\"247\">Installer un cadre relationnel clair et renforcer une coop\u00e9ration responsable.<\/p><p style=\"text-align: center;\" data-start=\"249\" data-end=\"416\">ROC Collectif s\u2019adresse aux \u00e9quipes manag\u00e9riales, aux TPME\/ETI\/Grands groupes et aux structures confront\u00e9es \u00e0 des tensions, du flou organisationnel ou une dynamique collective fragilis\u00e9e.<\/p>\t\t\t\t\t\t\t\t<\/div>\n\t\t\t\t<\/div>\n\t\t\t\t\t<\/div>\n\t\t\t\t<\/div>\n\t\t<div class=\"elementor-element elementor-element-8b97796 e-grid e-con-boxed e-con e-parent\" data-id=\"8b97796\" data-element_type=\"container\" data-e-type=\"container\">\n\t\t\t\t\t<div class=\"e-con-inner\">\n\t\t\t\t<div class=\"elementor-element elementor-element-e8e47ab elementor-widget elementor-widget-text-editor\" data-id=\"e8e47ab\" data-element_type=\"widget\" data-e-type=\"widget\" data-widget_type=\"text-editor.default\">\n\t\t\t\t<div class=\"elementor-widget-container\">\n\t\t\t\t\t\t\t\t\t<h4 style=\"text-align: center;\" data-start=\"423\" data-end=\"445\">Pour quels enjeux ?<\/h4><p data-start=\"447\" data-end=\"456\">Lorsque :<\/p><ul><li style=\"list-style-type: none;\"><ul><li style=\"list-style-type: none;\"><ul data-start=\"458\" data-end=\"702\"><li data-start=\"458\" data-end=\"510\"><p data-start=\"460\" data-end=\"510\">les r\u00f4les et responsabilit\u00e9s manquent de clart\u00e9,<\/p><\/li><li data-start=\"511\" data-end=\"569\"><p data-start=\"513\" data-end=\"569\">les tensions prennent trop de place dans les \u00e9changes,<\/p><\/li><li data-start=\"570\" data-end=\"622\"><p data-start=\"572\" data-end=\"622\">la communication devient d\u00e9fensive ou implicite,<\/p><\/li><li data-start=\"623\" data-end=\"673\"><p data-start=\"625\" data-end=\"673\">les d\u00e9cisions sont peu port\u00e9es sur le terrain,<\/p><\/li><li data-start=\"674\" data-end=\"702\"><p data-start=\"676\" data-end=\"702\">la coop\u00e9ration se d\u00e9grade.<\/p><\/li><\/ul><\/li><\/ul><\/li><\/ul>\t\t\t\t\t\t\t\t<\/div>\n\t\t\t\t<\/div>\n\t\t\t\t<div class=\"elementor-element elementor-element-3e676f5 elementor-widget elementor-widget-image\" data-id=\"3e676f5\" data-element_type=\"widget\" data-e-type=\"widget\" data-widget_type=\"image.default\">\n\t\t\t\t<div class=\"elementor-widget-container\">\n\t\t\t\t\t\t\t\t\t\t\t\t\t\t\t<img fetchpriority=\"high\" decoding=\"async\" width=\"640\" height=\"480\" src=\"https:\/\/rhodium-conseil.fr\/wp-content\/uploads\/2024\/06\/x.jpg\" class=\"attachment-large size-large wp-image-2067\" alt=\"\" srcset=\"https:\/\/rhodium-conseil.fr\/wp-content\/uploads\/2024\/06\/x.jpg 640w, https:\/\/rhodium-conseil.fr\/wp-content\/uploads\/2024\/06\/x-300x225.jpg 300w\" sizes=\"(max-width: 640px) 100vw, 640px\" \/>\t\t\t\t\t\t\t\t\t\t\t\t\t\t\t<\/div>\n\t\t\t\t<\/div>\n\t\t\t\t<div class=\"elementor-element elementor-element-0d7febc elementor-widget elementor-widget-text-editor\" data-id=\"0d7febc\" data-element_type=\"widget\" data-e-type=\"widget\" data-widget_type=\"text-editor.default\">\n\t\t\t\t<div class=\"elementor-widget-container\">\n\t\t\t\t\t\t\t\t\t<h4 style=\"text-align: center;\" data-start=\"709\" data-end=\"735\">Ce que nous travaillons<\/h4><ul><li style=\"list-style-type: none;\"><ul><li style=\"list-style-type: none;\"><ul><li style=\"list-style-type: none;\"><ul data-start=\"737\" data-end=\"931\"><li data-start=\"737\" data-end=\"780\"><p data-start=\"739\" data-end=\"780\">Clarification du cadre et des priorit\u00e9s<\/p><\/li><li data-start=\"781\" data-end=\"838\"><p data-start=\"783\" data-end=\"838\">Mise en mots des irritants et r\u00e9gulation des tensions<\/p><\/li><li data-start=\"839\" data-end=\"881\"><p data-start=\"841\" data-end=\"881\">Ajustement des postures relationnelles<\/p><\/li><li data-start=\"882\" data-end=\"931\"><p data-start=\"884\" data-end=\"931\">Construction d\u2019engagements concrets et partag\u00e9s<\/p><\/li><\/ul><\/li><\/ul><\/li><\/ul><\/li><\/ul>\t\t\t\t\t\t\t\t<\/div>\n\t\t\t\t<\/div>\n\t\t\t\t\t<\/div>\n\t\t\t\t<\/div>\n\t\t<div class=\"elementor-element elementor-element-c96f4be e-flex e-con-boxed e-con e-parent\" data-id=\"c96f4be\" data-element_type=\"container\" data-e-type=\"container\">\n\t\t\t\t\t<div class=\"e-con-inner\">\n\t\t<div class=\"elementor-element elementor-element-b542016 e-con-full e-flex e-con e-child\" data-id=\"b542016\" data-element_type=\"container\" data-e-type=\"container\">\n\t\t\t\t<div class=\"elementor-element elementor-element-6c4f2a9 elementor-widget elementor-widget-text-editor\" data-id=\"6c4f2a9\" data-element_type=\"widget\" data-e-type=\"widget\" data-widget_type=\"text-editor.default\">\n\t\t\t\t<div class=\"elementor-widget-container\">\n\t\t\t\t\t\t\t\t\t<h5 style=\"text-align: center;\" data-start=\"938\" data-end=\"950\">Modalit\u00e9s<\/h5><ul data-start=\"952\" data-end=\"1127\"><li data-start=\"952\" data-end=\"992\"><p data-start=\"954\" data-end=\"992\">Ateliers collectifs en demi-journ\u00e9es ou journ\u00e9es<\/p><\/li><li data-start=\"993\" data-end=\"1055\"><p data-start=\"995\" data-end=\"1055\">Formats participatifs et ancr\u00e9s dans la r\u00e9alit\u00e9 du terrain<\/p><\/li><li data-start=\"1056\" data-end=\"1127\"><p data-start=\"1058\" data-end=\"1127\">Possibilit\u00e9 d\u2019int\u00e9grer du coaching individuel pour s\u00e9curiser l\u2019impact<\/p><\/li><li data-start=\"1056\" data-end=\"1127\"><p data-start=\"1058\" data-end=\"1127\">Prestation incluant les frais de r\u00e9ception et de restauration\u00a0<\/p><\/li><\/ul>\t\t\t\t\t\t\t\t<\/div>\n\t\t\t\t<\/div>\n\t\t\t\t<\/div>\n\t\t<div class=\"elementor-element elementor-element-d61ce76 e-con-full e-flex e-con e-child\" data-id=\"d61ce76\" data-element_type=\"container\" data-e-type=\"container\">\n\t\t\t\t<div class=\"elementor-element elementor-element-90290eb elementor-widget elementor-widget-text-editor\" data-id=\"90290eb\" data-element_type=\"widget\" data-e-type=\"widget\" data-widget_type=\"text-editor.default\">\n\t\t\t\t<div class=\"elementor-widget-container\">\n\t\t\t\t\t\t\t\t\t<h5 style=\"text-align: center;\" data-start=\"1134\" data-end=\"1155\">B\u00e9n\u00e9fices<\/h5><ul><li style=\"list-style-type: none;\"><ul><li style=\"list-style-type: none;\"><ul><li style=\"list-style-type: none;\"><ul><li style=\"list-style-type: none;\"><ul><li style=\"list-style-type: none;\"><ul data-start=\"1157\" data-end=\"1316\"><li data-start=\"1157\" data-end=\"1178\"><p data-start=\"1159\" data-end=\"1178\">Un langage commun<\/p><\/li><li data-start=\"1179\" data-end=\"1218\"><p data-start=\"1181\" data-end=\"1218\">Des responsabilit\u00e9s mieux partag\u00e9es<\/p><\/li><li data-start=\"1219\" data-end=\"1272\"><p data-start=\"1221\" data-end=\"1272\">Des d\u00e9cisions mieux comprises et mieux appliqu\u00e9es<\/p><\/li><li data-start=\"1273\" data-end=\"1316\"><p data-start=\"1275\" data-end=\"1316\">Une coop\u00e9ration plus stable dans la dur\u00e9e<\/p><\/li><\/ul><\/li><\/ul><\/li><\/ul><\/li><\/ul><\/li><\/ul><\/li><\/ul>\t\t\t\t\t\t\t\t<\/div>\n\t\t\t\t<\/div>\n\t\t\t\t<\/div>\n\t\t\t\t\t<\/div>\n\t\t\t\t<\/div>\n\t\t<div class=\"elementor-element elementor-element-7d592fe e-flex e-con-boxed e-con e-parent\" data-id=\"7d592fe\" data-element_type=\"container\" data-e-type=\"container\">\n\t\t\t\t\t<div class=\"e-con-inner\">\n\t\t\t\t<div class=\"elementor-element elementor-element-28b6847 elementor-widget elementor-widget-text-editor\" data-id=\"28b6847\" data-element_type=\"widget\" data-e-type=\"widget\" data-widget_type=\"text-editor.default\">\n\t\t\t\t<div class=\"elementor-widget-container\">\n\t\t\t\t\t\t\t\t\t<h5 style=\"text-align: center;\" data-start=\"1323\" data-end=\"1340\">Positionnement<\/h5><p style=\"text-align: center;\" data-start=\"1342\" data-end=\"1503\">ROC Collectif ne vise pas \u00e0 \u201canimer un s\u00e9minaire\u201d.<\/p><p style=\"text-align: center;\" data-start=\"1342\" data-end=\"1503\">Il cr\u00e9e un cadre exigeant et s\u00e9curisant pour faire \u00e9voluer les postures et renforcer la maturit\u00e9 collective.<\/p>\t\t\t\t\t\t\t\t<\/div>\n\t\t\t\t<\/div>\n\t\t\t\t\t<\/div>\n\t\t\t\t<\/div>\n\t\t<div class=\"elementor-element elementor-element-caef169 e-flex e-con-boxed e-con e-parent\" data-id=\"caef169\" data-element_type=\"container\" data-e-type=\"container\">\n\t\t\t\t\t<div class=\"e-con-inner\">\n\t\t\t\t<div class=\"elementor-element elementor-element-c64d7b0 elementor-widget elementor-widget-image\" data-id=\"c64d7b0\" data-element_type=\"widget\" data-e-type=\"widget\" data-widget_type=\"image.default\">\n\t\t\t\t<div class=\"elementor-widget-container\">\n\t\t\t\t\t\t\t\t\t\t\t\t\t\t\t<img decoding=\"async\" width=\"300\" height=\"225\" src=\"https:\/\/rhodium-conseil.fr\/wp-content\/uploads\/2025\/06\/I4-300x225.jpg\" class=\"attachment-medium size-medium wp-image-2470\" alt=\"\" srcset=\"https:\/\/rhodium-conseil.fr\/wp-content\/uploads\/2025\/06\/I4-300x225.jpg 300w, https:\/\/rhodium-conseil.fr\/wp-content\/uploads\/2025\/06\/I4.jpg 640w\" sizes=\"(max-width: 300px) 100vw, 300px\" \/>\t\t\t\t\t\t\t\t\t\t\t\t\t\t\t<\/div>\n\t\t\t\t<\/div>\n\t\t\t\t\t<\/div>\n\t\t\t\t<\/div>\n\t\t\t\t<section class=\"elementor-section elementor-top-section elementor-element elementor-element-ae85c7f elementor-section-boxed elementor-section-height-default elementor-section-height-default\" data-id=\"ae85c7f\" data-element_type=\"section\" data-e-type=\"section\">\n\t\t\t\t\t\t<div class=\"elementor-container elementor-column-gap-default\">\n\t\t\t\t\t<div class=\"elementor-column elementor-col-100 elementor-top-column elementor-element elementor-element-dafaaae\" data-id=\"dafaaae\" data-element_type=\"column\" data-e-type=\"column\">\n\t\t\t<div class=\"elementor-widget-wrap elementor-element-populated\">\n\t\t\t\t\t\t<div class=\"elementor-element elementor-element-59f4eda elementor-button-info elementor-align-center elementor-invisible elementor-widget elementor-widget-button\" data-id=\"59f4eda\" data-element_type=\"widget\" data-e-type=\"widget\" data-settings=\"{&quot;_animation&quot;:&quot;rubberBand&quot;}\" data-widget_type=\"button.default\">\n\t\t\t\t<div class=\"elementor-widget-container\">\n\t\t\t\t\t\t\t\t\t<div class=\"elementor-button-wrapper\">\n\t\t\t\t\t<a class=\"elementor-button elementor-button-link elementor-size-sm\" href=\"https:\/\/rhodium-conseil.fr\/index.php\/contact\/\">\n\t\t\t\t\t\t<span class=\"elementor-button-content-wrapper\">\n\t\t\t\t\t\t\t\t\t<span class=\"elementor-button-text\">Demandez un \u00e9change exploratoire<\/span>\n\t\t\t\t\t<\/span>\n\t\t\t\t\t<\/a>\n\t\t\t\t<\/div>\n\t\t\t\t\t\t\t\t<\/div>\n\t\t\t\t<\/div>\n\t\t\t\t\t<\/div>\n\t\t<\/div>\n\t\t\t\t\t<\/div>\n\t\t<\/section>\n\t\t\t\t<\/div>\n\t\t","protected":false},"excerpt":{"rendered":"<p>ROC Collectif Ateliers manag\u00e9riaux &amp; accompagnement d\u2019\u00e9quipe Installer un cadre relationnel clair et renforcer une coop\u00e9ration responsable. ROC Collectif s\u2019adresse aux \u00e9quipes manag\u00e9riales, aux TPME\/ETI\/Grands groupes et aux structures confront\u00e9es \u00e0 des tensions, du flou organisationnel ou une dynamique collective fragilis\u00e9e. Pour quels enjeux ? Lorsque : les r\u00f4les et responsabilit\u00e9s manquent de clart\u00e9, les&hellip;&nbsp;<a href=\"https:\/\/rhodium-conseil.fr\/index.php\/solutions\/workshop-2\/\" rel=\"bookmark\">Lire la suite &raquo;<span class=\"screen-reader-text\">Workshop 2<\/span><\/a><\/p>\n","protected":false},"author":1,"featured_media":602,"parent":55,"menu_order":2,"comment_status":"closed","ping_status":"closed","template":"elementor_header_footer","meta":{"neve_meta_sidebar":"","neve_meta_container":"","neve_meta_enable_content_width":"","neve_meta_content_width":0,"neve_meta_title_alignment":"","neve_meta_author_avatar":"","neve_post_elements_order":"","neve_meta_disable_header":"","neve_meta_disable_footer":"","neve_meta_disable_title":"","footnotes":""},"class_list":["post-599","page","type-page","status-publish","has-post-thumbnail","hentry"],"yoast_head":"<!-- This site is optimized with the Yoast SEO plugin v27.4 - https:\/\/yoast.com\/product\/yoast-seo-wordpress\/ -->\n<title>Workshop 2 - RHODIUM Conseil<\/title>\n<meta name=\"robots\" content=\"index, follow, max-snippet:-1, max-image-preview:large, max-video-preview:-1\" \/>\n<link rel=\"canonical\" href=\"https:\/\/rhodium-conseil.fr\/index.php\/solutions\/workshop-2\/\" \/>\n<meta property=\"og:locale\" content=\"fr_FR\" \/>\n<meta property=\"og:type\" content=\"article\" \/>\n<meta property=\"og:title\" content=\"Workshop 2 - RHODIUM Conseil\" \/>\n<meta property=\"og:description\" content=\"ROC Collectif Ateliers manag\u00e9riaux &amp; accompagnement d\u2019\u00e9quipe Installer un cadre relationnel clair et renforcer une coop\u00e9ration responsable. ROC Collectif s\u2019adresse aux \u00e9quipes manag\u00e9riales, aux TPME\/ETI\/Grands groupes et aux structures confront\u00e9es \u00e0 des tensions, du flou organisationnel ou une dynamique collective fragilis\u00e9e. Pour quels enjeux ? Lorsque : les r\u00f4les et responsabilit\u00e9s manquent de clart\u00e9, les&hellip;&nbsp;Lire la suite &raquo;Workshop 2\" \/>\n<meta property=\"og:url\" content=\"https:\/\/rhodium-conseil.fr\/index.php\/solutions\/workshop-2\/\" \/>\n<meta property=\"og:site_name\" content=\"RHODIUM Conseil\" \/>\n<meta property=\"article:publisher\" content=\"https:\/\/www.facebook.com\/profile.php?id=61559176793485&amp;locale=fr_FR\" \/>\n<meta property=\"article:modified_time\" content=\"2026-02-20T13:03:35+00:00\" \/>\n<meta property=\"og:image\" content=\"https:\/\/rhodium-conseil.fr\/wp-content\/uploads\/2022\/11\/Workshop-2-400_380.jpg\" \/>\n\t<meta property=\"og:image:width\" content=\"400\" \/>\n\t<meta property=\"og:image:height\" content=\"380\" \/>\n\t<meta property=\"og:image:type\" content=\"image\/jpeg\" \/>\n<meta name=\"twitter:card\" content=\"summary_large_image\" \/>\n<meta name=\"twitter:label1\" content=\"Dur\u00e9e de lecture estim\u00e9e\" \/>\n\t<meta name=\"twitter:data1\" content=\"2 minutes\" \/>\n<script type=\"application\/ld+json\" class=\"yoast-schema-graph\">{\"@context\":\"https:\\\/\\\/schema.org\",\"@graph\":[{\"@type\":\"WebPage\",\"@id\":\"https:\\\/\\\/rhodium-conseil.fr\\\/index.php\\\/solutions\\\/workshop-2\\\/\",\"url\":\"https:\\\/\\\/rhodium-conseil.fr\\\/index.php\\\/solutions\\\/workshop-2\\\/\",\"name\":\"Workshop 2 - RHODIUM Conseil\",\"isPartOf\":{\"@id\":\"https:\\\/\\\/rhodium-conseil.fr\\\/#website\"},\"primaryImageOfPage\":{\"@id\":\"https:\\\/\\\/rhodium-conseil.fr\\\/index.php\\\/solutions\\\/workshop-2\\\/#primaryimage\"},\"image\":{\"@id\":\"https:\\\/\\\/rhodium-conseil.fr\\\/index.php\\\/solutions\\\/workshop-2\\\/#primaryimage\"},\"thumbnailUrl\":\"https:\\\/\\\/rhodium-conseil.fr\\\/wp-content\\\/uploads\\\/2022\\\/11\\\/Workshop-2-400_380.jpg\",\"datePublished\":\"2022-11-22T14:33:55+00:00\",\"dateModified\":\"2026-02-20T13:03:35+00:00\",\"breadcrumb\":{\"@id\":\"https:\\\/\\\/rhodium-conseil.fr\\\/index.php\\\/solutions\\\/workshop-2\\\/#breadcrumb\"},\"inLanguage\":\"fr-FR\",\"potentialAction\":[{\"@type\":\"ReadAction\",\"target\":[\"https:\\\/\\\/rhodium-conseil.fr\\\/index.php\\\/solutions\\\/workshop-2\\\/\"]}]},{\"@type\":\"ImageObject\",\"inLanguage\":\"fr-FR\",\"@id\":\"https:\\\/\\\/rhodium-conseil.fr\\\/index.php\\\/solutions\\\/workshop-2\\\/#primaryimage\",\"url\":\"https:\\\/\\\/rhodium-conseil.fr\\\/wp-content\\\/uploads\\\/2022\\\/11\\\/Workshop-2-400_380.jpg\",\"contentUrl\":\"https:\\\/\\\/rhodium-conseil.fr\\\/wp-content\\\/uploads\\\/2022\\\/11\\\/Workshop-2-400_380.jpg\",\"width\":400,\"height\":380},{\"@type\":\"BreadcrumbList\",\"@id\":\"https:\\\/\\\/rhodium-conseil.fr\\\/index.php\\\/solutions\\\/workshop-2\\\/#breadcrumb\",\"itemListElement\":[{\"@type\":\"ListItem\",\"position\":1,\"name\":\"Accueil\",\"item\":\"https:\\\/\\\/rhodium-conseil.fr\\\/\"},{\"@type\":\"ListItem\",\"position\":2,\"name\":\"Solutions\",\"item\":\"https:\\\/\\\/rhodium-conseil.fr\\\/index.php\\\/solutions\\\/\"},{\"@type\":\"ListItem\",\"position\":3,\"name\":\"Workshop 2\"}]},{\"@type\":\"WebSite\",\"@id\":\"https:\\\/\\\/rhodium-conseil.fr\\\/#website\",\"url\":\"https:\\\/\\\/rhodium-conseil.fr\\\/\",\"name\":\"RHODIUM Conseil\",\"description\":\"Accompagnez et transformez vos ressources !\",\"publisher\":{\"@id\":\"https:\\\/\\\/rhodium-conseil.fr\\\/#organization\"},\"potentialAction\":[{\"@type\":\"SearchAction\",\"target\":{\"@type\":\"EntryPoint\",\"urlTemplate\":\"https:\\\/\\\/rhodium-conseil.fr\\\/?s={search_term_string}\"},\"query-input\":{\"@type\":\"PropertyValueSpecification\",\"valueRequired\":true,\"valueName\":\"search_term_string\"}}],\"inLanguage\":\"fr-FR\"},{\"@type\":\"Organization\",\"@id\":\"https:\\\/\\\/rhodium-conseil.fr\\\/#organization\",\"name\":\"RHODIUM Conseil\",\"url\":\"https:\\\/\\\/rhodium-conseil.fr\\\/\",\"logo\":{\"@type\":\"ImageObject\",\"inLanguage\":\"fr-FR\",\"@id\":\"https:\\\/\\\/rhodium-conseil.fr\\\/#\\\/schema\\\/logo\\\/image\\\/\",\"url\":\"https:\\\/\\\/rhodium-conseil.fr\\\/wp-content\\\/uploads\\\/2024\\\/06\\\/cropped-logo_rhodium_conseil.jpg\",\"contentUrl\":\"https:\\\/\\\/rhodium-conseil.fr\\\/wp-content\\\/uploads\\\/2024\\\/06\\\/cropped-logo_rhodium_conseil.jpg\",\"width\":512,\"height\":512,\"caption\":\"RHODIUM Conseil\"},\"image\":{\"@id\":\"https:\\\/\\\/rhodium-conseil.fr\\\/#\\\/schema\\\/logo\\\/image\\\/\"},\"sameAs\":[\"https:\\\/\\\/www.facebook.com\\\/profile.php?id=61559176793485&locale=fr_FR\",\"https:\\\/\\\/www.linkedin.com\\\/company\\\/rhodium-conseil\\\/\"]}]}<\/script>\n<!-- \/ Yoast SEO plugin. -->","yoast_head_json":{"title":"Workshop 2 - RHODIUM Conseil","robots":{"index":"index","follow":"follow","max-snippet":"max-snippet:-1","max-image-preview":"max-image-preview:large","max-video-preview":"max-video-preview:-1"},"canonical":"https:\/\/rhodium-conseil.fr\/index.php\/solutions\/workshop-2\/","og_locale":"fr_FR","og_type":"article","og_title":"Workshop 2 - RHODIUM Conseil","og_description":"ROC Collectif Ateliers manag\u00e9riaux &amp; accompagnement d\u2019\u00e9quipe Installer un cadre relationnel clair et renforcer une coop\u00e9ration responsable. ROC Collectif s\u2019adresse aux \u00e9quipes manag\u00e9riales, aux TPME\/ETI\/Grands groupes et aux structures confront\u00e9es \u00e0 des tensions, du flou organisationnel ou une dynamique collective fragilis\u00e9e. Pour quels enjeux ? Lorsque : les r\u00f4les et responsabilit\u00e9s manquent de clart\u00e9, les&hellip;&nbsp;Lire la suite &raquo;Workshop 2","og_url":"https:\/\/rhodium-conseil.fr\/index.php\/solutions\/workshop-2\/","og_site_name":"RHODIUM Conseil","article_publisher":"https:\/\/www.facebook.com\/profile.php?id=61559176793485&locale=fr_FR","article_modified_time":"2026-02-20T13:03:35+00:00","og_image":[{"width":400,"height":380,"url":"https:\/\/rhodium-conseil.fr\/wp-content\/uploads\/2022\/11\/Workshop-2-400_380.jpg","type":"image\/jpeg"}],"twitter_card":"summary_large_image","twitter_misc":{"Dur\u00e9e de lecture estim\u00e9e":"2 minutes"},"schema":{"@context":"https:\/\/schema.org","@graph":[{"@type":"WebPage","@id":"https:\/\/rhodium-conseil.fr\/index.php\/solutions\/workshop-2\/","url":"https:\/\/rhodium-conseil.fr\/index.php\/solutions\/workshop-2\/","name":"Workshop 2 - RHODIUM Conseil","isPartOf":{"@id":"https:\/\/rhodium-conseil.fr\/#website"},"primaryImageOfPage":{"@id":"https:\/\/rhodium-conseil.fr\/index.php\/solutions\/workshop-2\/#primaryimage"},"image":{"@id":"https:\/\/rhodium-conseil.fr\/index.php\/solutions\/workshop-2\/#primaryimage"},"thumbnailUrl":"https:\/\/rhodium-conseil.fr\/wp-content\/uploads\/2022\/11\/Workshop-2-400_380.jpg","datePublished":"2022-11-22T14:33:55+00:00","dateModified":"2026-02-20T13:03:35+00:00","breadcrumb":{"@id":"https:\/\/rhodium-conseil.fr\/index.php\/solutions\/workshop-2\/#breadcrumb"},"inLanguage":"fr-FR","potentialAction":[{"@type":"ReadAction","target":["https:\/\/rhodium-conseil.fr\/index.php\/solutions\/workshop-2\/"]}]},{"@type":"ImageObject","inLanguage":"fr-FR","@id":"https:\/\/rhodium-conseil.fr\/index.php\/solutions\/workshop-2\/#primaryimage","url":"https:\/\/rhodium-conseil.fr\/wp-content\/uploads\/2022\/11\/Workshop-2-400_380.jpg","contentUrl":"https:\/\/rhodium-conseil.fr\/wp-content\/uploads\/2022\/11\/Workshop-2-400_380.jpg","width":400,"height":380},{"@type":"BreadcrumbList","@id":"https:\/\/rhodium-conseil.fr\/index.php\/solutions\/workshop-2\/#breadcrumb","itemListElement":[{"@type":"ListItem","position":1,"name":"Accueil","item":"https:\/\/rhodium-conseil.fr\/"},{"@type":"ListItem","position":2,"name":"Solutions","item":"https:\/\/rhodium-conseil.fr\/index.php\/solutions\/"},{"@type":"ListItem","position":3,"name":"Workshop 2"}]},{"@type":"WebSite","@id":"https:\/\/rhodium-conseil.fr\/#website","url":"https:\/\/rhodium-conseil.fr\/","name":"RHODIUM Conseil","description":"Accompagnez et transformez vos ressources !","publisher":{"@id":"https:\/\/rhodium-conseil.fr\/#organization"},"potentialAction":[{"@type":"SearchAction","target":{"@type":"EntryPoint","urlTemplate":"https:\/\/rhodium-conseil.fr\/?s={search_term_string}"},"query-input":{"@type":"PropertyValueSpecification","valueRequired":true,"valueName":"search_term_string"}}],"inLanguage":"fr-FR"},{"@type":"Organization","@id":"https:\/\/rhodium-conseil.fr\/#organization","name":"RHODIUM Conseil","url":"https:\/\/rhodium-conseil.fr\/","logo":{"@type":"ImageObject","inLanguage":"fr-FR","@id":"https:\/\/rhodium-conseil.fr\/#\/schema\/logo\/image\/","url":"https:\/\/rhodium-conseil.fr\/wp-content\/uploads\/2024\/06\/cropped-logo_rhodium_conseil.jpg","contentUrl":"https:\/\/rhodium-conseil.fr\/wp-content\/uploads\/2024\/06\/cropped-logo_rhodium_conseil.jpg","width":512,"height":512,"caption":"RHODIUM Conseil"},"image":{"@id":"https:\/\/rhodium-conseil.fr\/#\/schema\/logo\/image\/"},"sameAs":["https:\/\/www.facebook.com\/profile.php?id=61559176793485&locale=fr_FR","https:\/\/www.linkedin.com\/company\/rhodium-conseil\/"]}]}},"_links":{"self":[{"href":"https:\/\/rhodium-conseil.fr\/index.php\/wp-json\/wp\/v2\/pages\/599","targetHints":{"allow":["GET"]}}],"collection":[{"href":"https:\/\/rhodium-conseil.fr\/index.php\/wp-json\/wp\/v2\/pages"}],"about":[{"href":"https:\/\/rhodium-conseil.fr\/index.php\/wp-json\/wp\/v2\/types\/page"}],"author":[{"embeddable":true,"href":"https:\/\/rhodium-conseil.fr\/index.php\/wp-json\/wp\/v2\/users\/1"}],"replies":[{"embeddable":true,"href":"https:\/\/rhodium-conseil.fr\/index.php\/wp-json\/wp\/v2\/comments?post=599"}],"version-history":[{"count":189,"href":"https:\/\/rhodium-conseil.fr\/index.php\/wp-json\/wp\/v2\/pages\/599\/revisions"}],"predecessor-version":[{"id":2620,"href":"https:\/\/rhodium-conseil.fr\/index.php\/wp-json\/wp\/v2\/pages\/599\/revisions\/2620"}],"up":[{"embeddable":true,"href":"https:\/\/rhodium-conseil.fr\/index.php\/wp-json\/wp\/v2\/pages\/55"}],"wp:featuredmedia":[{"embeddable":true,"href":"https:\/\/rhodium-conseil.fr\/index.php\/wp-json\/wp\/v2\/media\/602"}],"wp:attachment":[{"href":"https:\/\/rhodium-conseil.fr\/index.php\/wp-json\/wp\/v2\/media?parent=599"}],"curies":[{"name":"wp","href":"https:\/\/api.w.org\/{rel}","templated":true}]}}